2 and o.
74
Let i(l) = l**2 + 20*l + 97. Let x be i(-6). Let u be 52/6*2*3. What is the greatest common factor of u and x?
13
Suppose 0 = 2*r - 5*r - 90. Let k be (12/r)/((-2)/5). Suppose -h - k = -4. Calculate the highest common divisor of h and 21.
3
Suppose 12 + 13 = 5*z, -3*p + 4*z = -64. Let n be (-2)/4 - (-5 + 1765/(-10)). Suppose 0 = -3*q - 169 + n. What is the greatest common factor of p and q?
4
Let f = 20 + -10. Suppose -93 = 40*y - 293. Calculate the highest common divisor of f and y.
5
Let w = 255 + 42. Calculate the greatest common factor of w and 132.
33
Let b be (-5899)/(-255) + (-2)/15. Let h = 50 - 28. Let c = 45 - h. Calculate the greatest common divisor of c and b.
23
Let j(y) = -y + 13. Let p be j(4). Let x be (-4)/(-2) + p + -6. Suppose 0 = -4*a - g + 36, -g + 14 = x*a - 32. Calculate the greatest common factor of 20 and a.
10
Let p be (24/9)/(4/54). Suppose 0 = 2*y + 5*c + 12, 0*y - 3*y + 5*c + 7 = 0. Let h be -3 - (-1 + 36/(-3) - y). What is the highest common divisor of p and h?
9
Let f(h) = h**3 - 8*h**2 + 6. Let s be f(8). Suppose s*u = 2*u + 4*w + 228, 3*w + 55 = u. Let b = u - 31. What is the greatest common divisor of b and 18?
9
Suppose 5*m - 1096 = -3*i, 155 = 3*i + 4*m - 945. What is the greatest common divisor of i and 12?
12
Suppose 2*n - 4*m - 22 = 0, 28 = 3*n - 5*m - 6. Let p(u) = 7*u**2 + 17*u - 5. Let t be p(-4). What is the greatest common divisor of t and n?
13
Suppose -4*k = -7*k - 4*h + 43, 2*k + 5*h - 24 = 0. Let o = 167 - 123. Let u be 12/22 + 8204/o. Calculate the highest common divisor of u and k.
17
Let n = -2191 + 2205. What is the highest common factor of n and 124?
2
Let h(g) = -g**3 - 25*g**2 - 3*g - 54. Let j be h(-25). What is the highest common divisor of 189 and j?
21
Let f be (-9)/(-2 - 6/(-4)). Let m be (15 + -13)*f/4. Suppose 5*c - m = 6. Calculate the greatest common divisor of 33 and c.
3
Let j be 38/8*(-12)/(-3). Suppose -2*h - 5*i = -4*i - 17, -4*h - 1 = -5*i. Let v be 3 - (-2)/(h/105). Calculate the highest common factor of j and v.
19
Let h be -2*(4 - 3) + 4. Let t = h + 3. Suppose 0 = -t*f - 3*n - 4 + 12, -4*f + 36 = -5*n. What is the greatest common factor of 36 and f?
4
Let u = 8 + -5. Suppose u*x + 2*d = 81, 4*x - x - 4*d = 81. Calculate the greatest common factor of 18 and x.
9
Let k = 951 - 851. Calculate the highest common factor of k and 400.
100
Let z(p) = 3*p**2 + 2*p - 21. Let r be z(6). What is the highest common divisor of 11 and r?
11
Let q be -99 + 8/(1 - -1). Let k be ((-228)/q)/(2/50). Calculate the greatest common factor of k and 40.
20
Let w = -179 - -247. Let n(z) = -2*z**3 - 7*z**2 - 4*z + 7. Let y be n(-5). What is the greatest common factor of w and y?
34
Suppose -c = 4 - 91. Let i = c - 24. What is the greatest common divisor of i and 9?
9
Suppose -5*y - m = -11, -3*y + m + 7 = -6. Suppose -2*x - 3*c + 603 = y*x, 0 = 5*x - 4*c - 631. What is the highest common factor of x and 82?
41
Let h be (15/10)/((138/(-252))/(-23)). Calculate the greatest common divisor of 1953 and h.
63
Let b = -131 - -664. Let x = b + -192. Calculate the greatest common factor of 31 and x.
31
Let u = -20 + 31. Let q be (-10)/55 - (-92)/22. Suppose 2*o - 6*o = -q. What is the highest common divisor of o and u?
1
Suppose -4*s + 192 = -88. Let x = s + 16. Suppose 4*m = -14 + x. What is the highest common divisor of m and 36?
18
Let y(t) = t + 8. Let k be y(-8). Suppose k = 5*i - 5 + 20. Let q = 3 - i. Calculate the highest common divisor of q and 12.
6
Let h = -275 + 173. Let k = -80 - h. Suppose -m = 2*m - 99. What is the highest common divisor of k and m?
11
Let k be ((-7)/(-2))/((-2)/(-4)). Let z be (6/15)/(2/(-10)) + 1. Let r be (z - 62)*4*3/(-12). Calculate the greatest common factor of k and r.
7
Suppose p + 1 = d + 5, -d - 5*p = 34. Let c = -14 - d. Let u = c + 32. Calculate the highest common factor of u and 9.
9
Suppose -2*g - 123 = -q, 0 = 3*q - 16*g + 20*g - 419. Calculate the greatest common factor of q and 152.
19
Let h be 50/(-60) - 159/(-18). Suppose -2*u = 5*f - u - 4, 5*f - 16 = -4*u. Suppose f*z + z = 64. What is the greatest common divisor of z and h?
8
Suppose 0 = j - 2 - 1. Suppose j*k = -10*k + 559. Calculate the highest common divisor of k and 473.
43
Suppose 28*v - 5 = 23*v. Calculate the highest common factor of v and 9.
1
Suppose -2*d + 7*d + 2*w - 48 = 0, 0 = -d + 5*w - 12. Let f = d + 14. Calculate the highest common factor of 132 and f.
22
Suppose 4*b + 3*n - 332 = 0, -2*n + 404 = 5*b - n. Suppose -3*v + 25 = -2. Suppose -12*u + v*u + 48 = 0. What is the highest common factor of b and u?
16
Suppose 0 = 32*w - 30*w - 8. Let l be 20/(-6) + w + (-56)/(-6). Calculate the greatest common divisor of l and 40.
10
Suppose 14*v - 109 = 311. Suppose 0 = 26*k - v*k + 624. Calculate the greatest common divisor of 12 and k.
12
Suppose -4*s + 20 = -8*s, -3*a = 4*s - 220. What is the greatest common factor of a and 100?
20
Let z be (-1 - 5) + 1956 + (0 - -3). What is the highest common factor of 63 and z?
63
Suppose -h + 15 = -19. Let d = -1507 - -1558. What is the highest common factor of d and h?
17
Let s(g) = -g + 1. Let p be s(8). Let j be 114/7 + 2/p. What is the highest common divisor of j and 40?
8
Let n be (50/8 - 0)/(2/16). Suppose -3*i = 3*k + 27 - 162, 0 = 4*i - 4*k - 140. Suppose b + i = 3*b. What is the greatest common factor of n and b?
10
Let c(f) = 10*f + 3. Let i be c(3). Suppose 113 = 5*p + 3*g, 2*g - 121 = -5*p + g. Let w = p - 3. What is the highest common divisor of i and w?
11
Let x be ((-408)/(-36))/((-4)/(-6)). Calculate the greatest common factor of x and 51.
17
Suppose -m - 3*o = m - 1, m - 17 = 4*o. Let k = 4 + m. What is the greatest common divisor of 18 and k?
9
Let d(c) = 2*c + 5*c**2 - 3*c + 1 + 2*c**2 + 0*c. Let t be d(1). Let g = 206 + -171. Calculate the highest common factor of g and t.
7
Let b be ((-32)/(-6))/(4/222). Suppose 144 = 37*m - 33*m + w, -169 = -5*m - 4*w. What is the greatest common divisor of b and m?
37
Suppose 20*n - 52 - 8 = 0. Calculate the greatest common factor of 4 and n.
1
Let w be 45/(-10)*20/(-15). Suppose 2*q + 2*l = -2*l + 76, q = -5*l + 50. Calculate the highest common divisor of w and q.
6
Let g = -44 + 54. Suppose -3*s - 3 - 6 = 0, -c - 2*s = -29. What is the greatest common factor of g and c?
5
Let d = -312 + 326. Calculate the greatest common factor of 98 and d.
14
Let a = 345 - 305. What is the highest common divisor of 280 and a?
40
Suppose 19*d - 11*d - 80 = 0. Calculate the highest common factor of d and 55.
5
Suppose 4*s = -3*c + 66, -4*s + 16 = -3*c - 38. Suppose -s*g - 2052 = -21*g. What is the highest common divisor of g and 38?
38
Suppose -915 = -2*a - 147. Calculate the highest common divisor of 12 and a.
12
Suppose -2*k + 14 = -2*y - 2*y, k - 7 = 5*y. Calculate the highest common divisor of k and 35.
7
Suppose 12 = 4*r, i = -5*r + 119 + 121. Let x = 500 - i. Calculate the greatest common factor of 25 and x.
25
Let l be (-8)/(-10) - (-5 + 1755/(-25)). Suppose 0*t - 4*t = -4*f - 128, 0 = -2*t - 2*f + l. What is the greatest common factor of t and 280?
35
Suppose -4*i + 124 = 3*c - 3*i, -4*i + 56 = c. Suppose -9 = 3*p + 15. Let m = p + 16. What is the greatest common factor of m and c?
8
Let q be 4 + 0/2 + 3. Suppose q = -n + 9. Suppose 5*t - 16 = 2*g, 5*t - 33 = -g - 11. Calculate the greatest common factor of n and g.
2
Suppose 5*k = -3*h + 668, -152 = -3*k + 2*k + 4*h. Calculate the highest common factor of k and 8.
8
Let u(b) = -b - 18. Let o be u(-6). Let a be (-86)/(-10) + o/(-30) - -3. Calculate the highest common factor of 60 and a.
12
Let t = 32 - -35. Suppose -4*g + a = -2*a - t, -g + 8 = a. What is the highest common divisor of 117 and g?
13
Let s(t) = 3*t**2 + 9*t + 9. Let j be s(-6). Let h be (-1)/5 + j/15. What is the greatest common factor of h and 24?
4
Suppose 0 = -3*c - u + 2*u - 1229, -c - 423 = 3*u. Let s be c/6*-2 + 2. Suppose -s + 54 = -5*t. Calculate the highest common factor of t and 136.
17
Let t = -18 + 67. What is the greatest common factor of 196 and t?
49
Let n = 714 - 549. What is the greatest common factor of n and 22?
11
Let n be (-11)/(231/(-203))*3. Calculate the greatest common divisor of 1131 and n.
29
Suppose 36 = -5*i + 2*y, -2*y - 33 = 4*i - 5*y. Let s be 3